{"id":6,"date":"2022-09-12T14:12:38","date_gmt":"2022-09-12T12:12:38","guid":{"rendered":"https:\/\/www.pornoseiten.de.com\/reife-nackte-frauen\/?page_id=6"},"modified":"2025-12-23T11:40:27","modified_gmt":"2025-12-23T10:40:27","slug":"reife-nackte-frauen-startseite","status":"publish","type":"page","link":"https:\/\/www.pornoseiten.de.com\/reife-nackte-frauen\/","title":{"rendered":"Reife nackte Frauen VZ"},"content":{"rendered":"<h2>Die besten Pornoseiten zu reife nackte Frauen und Omasex<\/h2>\n<p>Treffpunkte und Webseiten f\u00fcr reale und interaktive Kontakte zu MILF, reife Frauen und sexy Omas findest du hier im Pornoseiten VZ. Hier wirst du reife nackte Frauen kennenlernen.<\/p>\n<hr>\n<p><!-- Tipps --><\/p>\n<div id=\"empfehlungen\">\n<h3>Oma Sex Chat<\/h3>\n<p><a href=\"https:\/\/www.oma-sexchat.com\/\"><img loading=\"lazy\" decoding=\"async\" class=\"alignleft\" src=\"\/screenshots\/oma-sexchat-com.jpg\" alt=\"https:\/\/www.oma-sexchat.com\/\" width=\"230\" height=\"140\" class=\"alignleft size-full\" \/><\/a><\/p>\n<p class=\"desc\"><span class=\"url\">https:\/\/www.oma-sexchat.com\/<\/span> <br \/> Lust auf einen direkten Sexchat mit einer Oma wie &#8218;HeisseOma&#8216;, Oma Ria&#8216; oder einer MILF wie &#8218;Milf-Manu&#8216;? Schau mal rein und sexchatte 1:1 mit reifen Omas &#8211; auch per Cam2Cam!<\/p>\n<h3>MILF Sex Treffen<\/h3>\n<p><a href=\"https:\/\/www.milfdates24.com\/\"><img loading=\"lazy\" decoding=\"async\" class=\"alignleft\" src=\"\/screenshots\/milfdates24-com.jpg\" alt=\"https:\/\/www.milfdates24.com\/\" width=\"230\" height=\"140\" class=\"alignleft size-full\" \/><\/a><\/p>\n<p class=\"desc\"><span class=\"url\">https:\/\/www.milfdates24.com\/<\/span> <br \/> In dieser kostenlosen Dating Community findest du \u00fcberwiegend geile Hausfrauen und MILFs auf der Suche nach Sex! Verabrede heute noch ein Sextreffen mit einer scharfen MILF aus deiner N\u00e4he.<\/p>\n<h3>Reife Frauen Sexcams<\/h3>\n<p><a href=\"https:\/\/www.reife-frauen-sexcams.com\/\"><img loading=\"lazy\" decoding=\"async\" class=\"alignleft\" src=\"\/screenshots\/reife-frauen-sexcams-com.jpg\" alt=\"https:\/\/www.reife-frauen-sexcams.com\/\" width=\"230\" height=\"140\" class=\"alignleft size-full\" \/><\/a><\/p>\n<p class=\"desc\"><span class=\"url\">https:\/\/www.reife-frauen-sexcams.com\/<\/span> <br \/> In dieser Livechat Community senden hei\u00dfe reife Frauen ab 40 vor privaten Sexcams. Chatte und wichse mit ihnen Cam to Cam. Der Zugang zum Portal ist auch hier nat\u00fcrlich kostenlos m\u00f6glich.<\/p>\n<h3>Telefonsex mit MILF oder geiler Oma<\/h3>\n<p><a href=\"https:\/\/reife-frauen-telefonsex.seexle.com\/\"><img loading=\"lazy\" decoding=\"async\" class=\"alignleft\" src=\"\/screenshots\/reife-frauen-telefonsex-seexle.jpg\" alt=\"https:\/\/reife-frauen-telefonsex.seexle.com\/\" width=\"230\" height=\"140\" class=\"alignleft size-full\" \/><\/a><\/p>\n<p class=\"desc\"><span class=\"url\">https:\/\/reife-frauen-telefonsex.seexle.com\/<\/span> <br \/> Telefoniere direkt, ajnym und ohne Anmeldung mit erfahrenen Frauen. Dieses reife Frauen Telefonsex Angebot bietet dir bei Anruf den Zugang zur Sexcam gratis!<\/p>\n<h3>Reife Frauen nackt im Chat<\/h3>\n<p><a href=\"https:\/\/www.reife-frauen-chat.com\/\"><img loading=\"lazy\" decoding=\"async\" class=\"alignleft\" src=\"\/screenshots\/reife-frauen-chat-com.jpg\" alt=\"https:\/\/www.reife-frauen-chat.com\/\" width=\"230\" height=\"140\" class=\"alignleft size-full\" \/><\/a><\/p>\n<p class=\"desc\"><span class=\"url\">https:\/\/www.reife-frauen-chat.com\/<\/span> <br \/> Endlich kannst du mit reifen Weibern und MILFS \u00fcber 40 geil abspritzen! Hier warten &#8218;Dirty Tina&#8216;, &#8218;Candy Samira&#8216; oder &#8218;LindaKiss&#8216; und viele andere reife Frauen nackt im Chat!<\/p>\n<p><!-- Tipps Ende -->\n<\/div>\n<hr>\n<h2>Frauen ab 40 real und live kennenlernen<\/h2>\n<p>Du stehst auf erfahrene Frauen, die ihre Sexualit\u00e4t mit dir ausleben m\u00f6chten? Dann bist du hier im Verzeichnis f\u00fcr beste Pornoseiten goldrichtig. Wir zeigen dir die hei\u00dfesten und exklusiven Adressen, wo du reife nackte Frauen erleben, kennenlernen und treffen kannst. Die besten MILF und Omasex Seiten in deutscher Sprache. Chatte mit reifen Frauen, schlafe mit geilen MILFS und erlebe frivole Omas im Camchat live.<\/p>\n<p><img loading=\"lazy\" decoding=\"async\" src=\"https:\/\/www.pornoseiten.de.com\/images\/die-reife-bea-im-sexchat.jpg\" width=\"769\" height=\"426\" alt=\"DiereifeBea im Oma Sexchat\" \/><\/p>\n<h2>Wie lerne ich reife nackte Frauen kennen?<\/h2>\n<ul>\n<li>Gratis Mitglied bei einer unserer empfohlenen Webseiten werden<\/li>\n<li>Gezielt nach reifen Damen, Milfs oder Omas in der Umgebung suchen<\/li>\n<li>Kontaktm\u00f6glichkeiten der Plattform nutzen<\/li>\n<li>Per Livecam, Sexchat oder Chat Messenger mit reifen Frauen schreiben<\/li>\n<li>Fotos und Videos der favorisierten Damen liken, bewerten, kommentieren<\/li>\n<\/ul>\n<h3>Geile reife Frauen, Milf Sex und Oma Sex Seiten<\/h3>\n<p>Hier im gepflegten Verzeichnis f\u00fcr deutschsprachige Pornoseiten von Top Qualit\u00e4t zeigen wir dir, wie du Sex mit reifen Frauen erleben kannst. Dabei kannst du mit ihnen chatten, sie beim Camsex beobachten oder erotische Treffen mit Milfs, Damen fortgeschrittenen Alters und mit Omas verabreden. Auf unseren Top Livesex Seiten wirst du reife Frauen nackt vor der Webcam erleben. Suche dir einfach eine unserer Empfehlungen f\u00fcr Sex mit reifen und alten Frauen aus und nutze die kostenlose Mitgliedschaft dieses Angebots oder auch einen anonymen, sofortigen Zugang per Telefon ganz ohne Anmeldung.<\/p>\n","protected":false},"excerpt":{"rendered":"<p>Die besten Pornoseiten zu reife nackte Frauen und Omasex Treffpunkte und Webseiten f\u00fcr reale und interaktive Kontakte zu MILF, reife Frauen und sexy Omas findest du hier im Pornoseiten VZ.&hellip;<a href=\"https:\/\/www.pornoseiten.de.com\/reife-nackte-frauen\/\" class=\"more-link\"><span class=\"more-button\">Continue reading<span class=\"screen-reader-text\">Reife nackte Frauen VZ<\/span><\/span><\/a><\/p>\n","protected":false},"author":1,"featured_media":0,"parent":0,"menu_order":0,"comment_status":"closed","ping_status":"closed","template":"","meta":{"footnotes":""},"class_list":["post-6","page","type-page","status-publish","hentry"],"yoast_head":"<!-- This site is optimized with the Yoast SEO plugin v27.4 - https:\/\/yoast.com\/product\/yoast-seo-wordpress\/ -->\n<title>\u1405 Reife nackte Frauen \u2261 Beste Milf &amp; Omasex Pornoseiten<\/title>\n<meta name=\"description\" content=\"5\/5 \u2b50 Reife Frauen frivol &amp; nackt - im Camchat oder real treffen \u272a Deutsches Oma Sex &amp; Milf Verzeichnis ll\u27a4 Sieh es dir jetzt exklusiv an.\" \/>\n<meta name=\"robots\" content=\"index, follow, max-snippet:-1, max-image-preview:large, max-video-preview:-1\" \/>\n<link rel=\"canonical\" href=\"https:\/\/www.pornoseiten.de.com\/reife-nackte-frauen\/\" \/>\n<meta property=\"og:locale\" content=\"de_DE\" \/>\n<meta property=\"og:type\" content=\"article\" \/>\n<meta property=\"og:title\" content=\"\u1405 Reife nackte Frauen \u2261 Beste Milf &amp; Omasex Pornoseiten\" \/>\n<meta property=\"og:description\" content=\"5\/5 \u2b50 Reife Frauen frivol &amp; nackt - im Camchat oder real treffen \u272a Deutsches Oma Sex &amp; Milf Verzeichnis ll\u27a4 Sieh es dir jetzt exklusiv an.\" \/>\n<meta property=\"og:url\" content=\"https:\/\/www.pornoseiten.de.com\/reife-nackte-frauen\/\" \/>\n<meta property=\"og:site_name\" content=\"\u1405 Reife nackte Frauen \u2261 Beste Milf &amp; Omasex Pornoseiten\" \/>\n<meta property=\"article:modified_time\" content=\"2025-12-23T10:40:27+00:00\" \/>\n<meta property=\"og:image\" content=\"https:\/\/www.pornoseiten.de.com\/images\/die-reife-bea-im-sexchat.jpg\" \/>\n<meta name=\"twitter:card\" content=\"summary_large_image\" \/>\n<meta name=\"twitter:label1\" content=\"Gesch\u00e4tzte Lesezeit\" \/>\n\t<meta name=\"twitter:data1\" content=\"4\u00a0Minuten\" \/>\n<script type=\"application\/ld+json\" class=\"yoast-schema-graph\">{\"@context\":\"https:\\\/\\\/schema.org\",\"@graph\":[{\"@type\":\"WebPage\",\"@id\":\"https:\\\/\\\/www.pornoseiten.de.com\\\/reife-nackte-frauen\\\/\",\"url\":\"https:\\\/\\\/www.pornoseiten.de.com\\\/reife-nackte-frauen\\\/\",\"name\":\"\u1405 Reife nackte Frauen \u2261 Beste Milf & Omasex Pornoseiten\",\"isPartOf\":{\"@id\":\"https:\\\/\\\/www.pornoseiten.de.com\\\/reife-nackte-frauen\\\/#website\"},\"primaryImageOfPage\":{\"@id\":\"https:\\\/\\\/www.pornoseiten.de.com\\\/reife-nackte-frauen\\\/#primaryimage\"},\"image\":{\"@id\":\"https:\\\/\\\/www.pornoseiten.de.com\\\/reife-nackte-frauen\\\/#primaryimage\"},\"thumbnailUrl\":\"https:\\\/\\\/www.pornoseiten.de.com\\\/images\\\/die-reife-bea-im-sexchat.jpg\",\"datePublished\":\"2022-09-12T12:12:38+00:00\",\"dateModified\":\"2025-12-23T10:40:27+00:00\",\"description\":\"5\\\/5 \u2b50 Reife Frauen frivol & nackt - im Camchat oder real treffen \u272a Deutsches Oma Sex & Milf Verzeichnis ll\u27a4 Sieh es dir jetzt exklusiv an.\",\"breadcrumb\":{\"@id\":\"https:\\\/\\\/www.pornoseiten.de.com\\\/reife-nackte-frauen\\\/#breadcrumb\"},\"inLanguage\":\"de\",\"potentialAction\":[{\"@type\":\"ReadAction\",\"target\":[\"https:\\\/\\\/www.pornoseiten.de.com\\\/reife-nackte-frauen\\\/\"]}]},{\"@type\":\"ImageObject\",\"inLanguage\":\"de\",\"@id\":\"https:\\\/\\\/www.pornoseiten.de.com\\\/reife-nackte-frauen\\\/#primaryimage\",\"url\":\"https:\\\/\\\/www.pornoseiten.de.com\\\/images\\\/die-reife-bea-im-sexchat.jpg\",\"contentUrl\":\"https:\\\/\\\/www.pornoseiten.de.com\\\/images\\\/die-reife-bea-im-sexchat.jpg\"},{\"@type\":\"BreadcrumbList\",\"@id\":\"https:\\\/\\\/www.pornoseiten.de.com\\\/reife-nackte-frauen\\\/#breadcrumb\",\"itemListElement\":[{\"@type\":\"ListItem\",\"position\":1,\"name\":\"Startseite\",\"item\":\"https:\\\/\\\/www.pornoseiten.de.com\\\/reife-nackte-frauen\\\/\"},{\"@type\":\"ListItem\",\"position\":2,\"name\":\"Reife nackte Frauen VZ\"}]},{\"@type\":\"WebSite\",\"@id\":\"https:\\\/\\\/www.pornoseiten.de.com\\\/reife-nackte-frauen\\\/#website\",\"url\":\"https:\\\/\\\/www.pornoseiten.de.com\\\/reife-nackte-frauen\\\/\",\"name\":\"\u1405 Reife nackte Frauen \u2261 Beste Milf &amp; Omasex Pornoseiten\",\"description\":\"Tipps f\u00fcr Sex mit reifen Frauen\",\"potentialAction\":[{\"@type\":\"SearchAction\",\"target\":{\"@type\":\"EntryPoint\",\"urlTemplate\":\"https:\\\/\\\/www.pornoseiten.de.com\\\/reife-nackte-frauen\\\/?s={search_term_string}\"},\"query-input\":{\"@type\":\"PropertyValueSpecification\",\"valueRequired\":true,\"valueName\":\"search_term_string\"}}],\"inLanguage\":\"de\"}]}<\/script>\n<!-- \/ Yoast SEO plugin. -->","yoast_head_json":{"title":"\u1405 Reife nackte Frauen \u2261 Beste Milf & Omasex Pornoseiten","description":"5\/5 \u2b50 Reife Frauen frivol & nackt - im Camchat oder real treffen \u272a Deutsches Oma Sex & Milf Verzeichnis ll\u27a4 Sieh es dir jetzt exklusiv an.","robots":{"index":"index","follow":"follow","max-snippet":"max-snippet:-1","max-image-preview":"max-image-preview:large","max-video-preview":"max-video-preview:-1"},"canonical":"https:\/\/www.pornoseiten.de.com\/reife-nackte-frauen\/","og_locale":"de_DE","og_type":"article","og_title":"\u1405 Reife nackte Frauen \u2261 Beste Milf & Omasex Pornoseiten","og_description":"5\/5 \u2b50 Reife Frauen frivol & nackt - im Camchat oder real treffen \u272a Deutsches Oma Sex & Milf Verzeichnis ll\u27a4 Sieh es dir jetzt exklusiv an.","og_url":"https:\/\/www.pornoseiten.de.com\/reife-nackte-frauen\/","og_site_name":"\u1405 Reife nackte Frauen \u2261 Beste Milf &amp; Omasex Pornoseiten","article_modified_time":"2025-12-23T10:40:27+00:00","og_image":[{"url":"https:\/\/www.pornoseiten.de.com\/images\/die-reife-bea-im-sexchat.jpg","type":"","width":"","height":""}],"twitter_card":"summary_large_image","twitter_misc":{"Gesch\u00e4tzte Lesezeit":"4\u00a0Minuten"},"schema":{"@context":"https:\/\/schema.org","@graph":[{"@type":"WebPage","@id":"https:\/\/www.pornoseiten.de.com\/reife-nackte-frauen\/","url":"https:\/\/www.pornoseiten.de.com\/reife-nackte-frauen\/","name":"\u1405 Reife nackte Frauen \u2261 Beste Milf & Omasex Pornoseiten","isPartOf":{"@id":"https:\/\/www.pornoseiten.de.com\/reife-nackte-frauen\/#website"},"primaryImageOfPage":{"@id":"https:\/\/www.pornoseiten.de.com\/reife-nackte-frauen\/#primaryimage"},"image":{"@id":"https:\/\/www.pornoseiten.de.com\/reife-nackte-frauen\/#primaryimage"},"thumbnailUrl":"https:\/\/www.pornoseiten.de.com\/images\/die-reife-bea-im-sexchat.jpg","datePublished":"2022-09-12T12:12:38+00:00","dateModified":"2025-12-23T10:40:27+00:00","description":"5\/5 \u2b50 Reife Frauen frivol & nackt - im Camchat oder real treffen \u272a Deutsches Oma Sex & Milf Verzeichnis ll\u27a4 Sieh es dir jetzt exklusiv an.","breadcrumb":{"@id":"https:\/\/www.pornoseiten.de.com\/reife-nackte-frauen\/#breadcrumb"},"inLanguage":"de","potentialAction":[{"@type":"ReadAction","target":["https:\/\/www.pornoseiten.de.com\/reife-nackte-frauen\/"]}]},{"@type":"ImageObject","inLanguage":"de","@id":"https:\/\/www.pornoseiten.de.com\/reife-nackte-frauen\/#primaryimage","url":"https:\/\/www.pornoseiten.de.com\/images\/die-reife-bea-im-sexchat.jpg","contentUrl":"https:\/\/www.pornoseiten.de.com\/images\/die-reife-bea-im-sexchat.jpg"},{"@type":"BreadcrumbList","@id":"https:\/\/www.pornoseiten.de.com\/reife-nackte-frauen\/#breadcrumb","itemListElement":[{"@type":"ListItem","position":1,"name":"Startseite","item":"https:\/\/www.pornoseiten.de.com\/reife-nackte-frauen\/"},{"@type":"ListItem","position":2,"name":"Reife nackte Frauen VZ"}]},{"@type":"WebSite","@id":"https:\/\/www.pornoseiten.de.com\/reife-nackte-frauen\/#website","url":"https:\/\/www.pornoseiten.de.com\/reife-nackte-frauen\/","name":"\u1405 Reife nackte Frauen \u2261 Beste Milf &amp; Omasex Pornoseiten","description":"Tipps f\u00fcr Sex mit reifen Frauen","potentialAction":[{"@type":"SearchAction","target":{"@type":"EntryPoint","urlTemplate":"https:\/\/www.pornoseiten.de.com\/reife-nackte-frauen\/?s={search_term_string}"},"query-input":{"@type":"PropertyValueSpecification","valueRequired":true,"valueName":"search_term_string"}}],"inLanguage":"de"}]}},"_links":{"self":[{"href":"https:\/\/www.pornoseiten.de.com\/reife-nackte-frauen\/wp-json\/wp\/v2\/pages\/6","targetHints":{"allow":["GET"]}}],"collection":[{"href":"https:\/\/www.pornoseiten.de.com\/reife-nackte-frauen\/wp-json\/wp\/v2\/pages"}],"about":[{"href":"https:\/\/www.pornoseiten.de.com\/reife-nackte-frauen\/wp-json\/wp\/v2\/types\/page"}],"author":[{"embeddable":true,"href":"https:\/\/www.pornoseiten.de.com\/reife-nackte-frauen\/wp-json\/wp\/v2\/users\/1"}],"replies":[{"embeddable":true,"href":"https:\/\/www.pornoseiten.de.com\/reife-nackte-frauen\/wp-json\/wp\/v2\/comments?post=6"}],"version-history":[{"count":10,"href":"https:\/\/www.pornoseiten.de.com\/reife-nackte-frauen\/wp-json\/wp\/v2\/pages\/6\/revisions"}],"predecessor-version":[{"id":39,"href":"https:\/\/www.pornoseiten.de.com\/reife-nackte-frauen\/wp-json\/wp\/v2\/pages\/6\/revisions\/39"}],"wp:attachment":[{"href":"https:\/\/www.pornoseiten.de.com\/reife-nackte-frauen\/wp-json\/wp\/v2\/media?parent=6"}],"curies":[{"name":"wp","href":"https:\/\/api.w.org\/{rel}","templated":true}]}}